Is 9631051 prime?
True
Is 3145234 a composite number?
True
Is 456991417 composite?
False
Is 223059 composite?
True
Is 55620511 a prime number?
True
Is 31350497 a composite number?
True
Is 76672081 a composite number?
False
Is 8147147 prime?
True
Is 23801497 a composite number?
True
Is 147538133 composite?
False
Is 41857 a prime number?
False
Is 324059 a prime number?
False
Is 28511659 a composite number?
True
Is 216153547 a composite number?
True
Is 41749871 composite?
False
Is 133583 a composite number?
False
Is 895079 composite?
False
Is 193310927 a prime number?
False
Is 244347661 a prime number?
False
Is 3571039 a prime number?
True
Is 1551947 composite?
True
Is 344804341 composite?
True
Is 1177330093 composite?
False
Is 18116843 composite?
True
Is 70758491 composite?
False
Is 27460219 composite?
True
Is 3017671 a prime number?
True
Is 157836729 prime?
False
Is 4851529 a composite number?
False
Is 161029 a prime number?
False
Is 6836729 composite?
False
Is 3814043 a prime number?
True
Is 46907843 composite?
False
Is 90116315 a prime number?
False
Is 1122643 composite?
False
Is 7155709 a prime number?
False
Is 219428039 a prime number?
True
Is 21091289 composite?
True
Is 38116861 a composite number?
False
Is 50742379 composite?
True
Is 6902981 a prime number?
False
Is 2639057 a composite number?
True
Is 358728991 prime?
False
Is 708179 prime?
True
Is 287616209 composite?
True
Is 4037111 prime?
False
Is 6827735 prime?
False
Is 268370997 composite?
True
Is 2183249 composite?
False
Is 116562577 a prime number?
True
Is 514421 a prime number?
False
Is 7628591 prime?
True
Is 50465573 a composite number?
False
Is 339227041 prime?
True
Is 7219427 prime?
True
Is 70530319 a prime number?
True
Is 163071371 composite?
True
Is 2222203 a prime number?
True
Is 191616353 prime?
True
Is 8609719 a composite number?
False
Is 29528971 a composite number?
True
Is 69712129 prime?
False
Is 150380078 prime?
False
Is 22129711 a prime number?
True
Is 94376437 a composite number?
False
Is 214357631 composite?
True
Is 3184421 a composite number?
True
Is 4410317 composite?
False
Is 16042231 a composite number?
False
Is 102184591 a prime number?
False
Is 54847829 prime?
False
Is 2485367 composite?
False
Is 830497 composite?
False
Is 210054541 prime?
True
Is 6049913 a prime number?
True
Is 5531291 composite?
False
Is 2184779 prime?
True
Is 159889 a composite number?
True
Is 65956937 a prime number?
False
Is 12070627 a prime number?
False
Is 156830257 a prime number?
False
Is 6541859 a prime number?
False
Is 542551885 prime?
False
Is 25518553 prime?
True
Is 17767047 prime?
False
Is 803308297 a prime number?
False
Is 5290954 composite?
True
Is 1430033 a prime number?
False
Is 20970649 a composite number?
True
Is 151021 a composite number?
True
Is 2699965 a prime number?
False
Is 9184661 prime?
True
Is 16448917 a prime number?
True
Is 8121793 prime?
True
Is 2904403 a prime number?
True
Is 4417421 a composite number?
False
Is 12261181 a composite number?
False
Is 467927 a prime number?
True
Is 250977067 a prime number?
False
Is 45039169 prime?
False
Is 130913683 prime?
False
Is 39185773 a composite number?
True
Is 47039089 composite?
False
Is 281602861 composite?
True
Is 2429309 prime?
False
Is 2127179 a composite number?
True
Is 64717799 a prime number?
False
Is 135323327 prime?
True
Is 16894159 a prime number?
True
Is 27639241 composite?
True
Is 37846603 prime?
False
Is 7999909 a prime number?
True
Is 882617 prime?
True
Is 4447951 a composite number?
True
Is 8083253 composite?
False
Is 2352319 prime?
False
Is 18106351 a prime number?
True
Is 160089533 a prime number?
True
Is 14556343 prime?
True
Is 122052497 composite?
True
Is 106801 a prime number?
True
Is 4910917 composite?
True
Is 4351327 a prime number?
True
Is 1815739 a prime number?
True
Is 180044771 composite?
False
Is 551214421 a composite number?
False
Is 8203631 prime?
False
Is 60011 a prime number?
False
Is 321799067 a prime number?
False
Is 35481773 a prime number?
True
Is 760723 composite?
False
Is 101774927 composite?
False
Is 8628913 a composite number?
False
Is 354565 a composite number?
True
Is 75042281 prime?
False
Is 147026359 a prime number?
False
Is 4990409 prime?
True
Is 2616361 prime?
False
Is 188753 composite?
False
Is 4022867 a prime number?
True
Is 796513 prime?
False
Is 4364837 composite?
False
Is 9290947 a composite number?
False
Is 9978767 prime?
True
Is 462041 prime?
True
Is 260317 a composite number?
False
Is 826270699 composite?
True
Is 15080551 a composite number?
True
Is 14172299 a composite number?
True
Is 346529522 a composite number?
True
Is 4919729 prime?
True
Is 142608949 prime?
False
Is 5628047 prime?
False
Is 106207 a prime number?
True
Is 27418921 a composite number?
True
Is 3207223 composite?
True
Is 2446251 a composite number?
True
Is 2891639 prime?
True
Is 176239261 a composite number?
True
Is 579563 prime?
True
Is 678883 composite?
False
Is 20242921 composite?
True
Is 188055047 a prime number?
True
Is 22046551 a prime number?
False
Is 39709573 composite?
False
Is 290557 a composite number?
False
Is 34733563 a composite number?
False
Is 14358457 composite?
False
Is 538525193 composite?
True
Is 1427849 a prime number?
False
Is 98633387 a composite number?
False
Is 3487109 a composite number?
True
Is 161080681 a composite number?
True
Is 3835781 a composite number?
True
Is 5875159 prime?
True
Is 27256913 composite?
False
Is 19447877 a prime number?
True
Is 1201919 composite?
False
Is 10720939 composite?
False
Is 13994159 prime?
True
Is 464667031 a composite number?
True
Is 16971893 prime?
True
Is 1461583 a prime number?
True
Is 21403717 prime?
True
Is 33487969 prime?
True
Is 458023949 composite?
True
Is 1343048921 prime?
True
Is 1166801 a composite number?
False
Is 582203 a composite number?
False
Is 1921477 a composite number?
False
Is 108107 prime?
True
Is 176629 prime?
True
Is 135803303 a prime number?
True
Is 3077287 a composite number?
True
Is 28969153 composite?
False
Is 1112413 a composite number?
False
Is 2356679 a composite number?
True
Is 219713 a prime number?
False
Is 87765113 a composite number?
True
Is 168744691 a prime number?
True
Is 5983781 a prime number?
True
Is 1597835 a prime number?
False
Is 17114081 a prime number?
True
Is 1102393 a prime number?
True
Is 4147139 a prime number?
False
Is 234713 prime?
True
Is 22136497 a prime number?
True
Is 5941723 prime?
False
Is 229569754 prime?
False
Is 190266806 a composite number?
True
Is 1415957 a prime number?
True
Is 8041071 prime?
False
Is 34643969 a prime number?
True
Is 9089503 a composite number?
True
Is 22878667 prime?
False
Is 22635771 composite?
True
Is 408454859 composite?
False
Is 1757429 a prime number?
False
Is 1047961 a prime number?
True
Is 1593743 prime?
True
Is 4093657 a prime number?
False
Is 17223121 prime?
False
Is 96902959 a prime number?
True
Is 56052089 prime?
True
Is 23272087 a composite number?
False
Is 8560957 a prime number?
True
Is 290704499 a prime number?
False
Is 77461459 prime?
False
Is 5543341 prime?
False
Is 44989433 a composite number?
False
Is 13199339 a prime number?
False
Is 9726663 a prime number?
False
Is 19127111 composite?
False
Is 414023921 composite?
True
Is 10171279 a composite number?
True
Is 42190553 a composite number?
True
Is 16347487 a prime number?
False
Is 197027629 composite?
False
Is 126555083 composite?
False
Is 563077633 a composite number?
False
Is 50441 a composite number?
False
Is 112888231 a prime number?
True
Is 1891789 a prime number?
True
Is 106534637 prime?
False
Is 1633799 a composite number?
True
Is 885541 composite?
True
Is 12183757 a composite number?
False
Is 20017301 a composite number?
False
Is 1141211 prime?
False
Is 352879 a prime number?
False
Is 641702597 a prime number?
False
Is 2772179 a prime number?
True
Is 453749 composite?
True
Is 260971241 composite?
False
Is 5958401 a prime number?
True
Is 1010069 prime?
True
Is 14208661 a prime number?
True
Is 3533777 composite?
True
Is 1979485 a composite number?
True
Is 21391129 a composite number?
False
Is 355165259 prime?
False
Is 6136509 a prime number?
False
Is 19641365 a prime number?
False
Is 166746145 a composite number?
True
Is 1792651643 prime?
True
Is 2150611 prime?
False
Is 77459919 a 